e factors of (v/3)/((50/15)/5).
29
Let t be -4 + 0 - (-3 + -30). Suppose a = 4*v - 31, -2*v = v + 5*a - t. Suppose -l + v = -1. List the prime factors of l.
3
Let c = 266 - -8. List the prime factors of c.
2, 137
Let m(c) = c**2 - 3*c - 5. Let j be m(-3). Suppose -j*a = -18*a + 180. List the prime factors of a.
2, 3
Let s(f) = f**2 - 7*f + 6. Let l be s(8). Suppose -5*v - 2*v - l = 0. Let b = 33 + v. List the prime factors of b.
31
Let d = 602 - -2305. List the prime factors of d.
3, 17, 19
Suppose -k + 4*k + 23 = v, 0 = 5*v - 3*k - 163. Suppose v*r = 37*r - 372. List the prime factors of r.
2, 3, 31
Let t = 1053 + -470. What are the prime factors of t?
11, 53
Let g be 1/(-2) + 8/16. Suppose g*j = j - 4. Suppose j = -0*m + m, 0 = -3*p + 5*m + 25. List the prime factors of p.
3, 5
Let z(n) = -n**2 - 11*n - 18. Let k be z(-9). Suppose 3*a = -k*a + 6. Suppose 3*u - 113 = a*c, -1 = 2*c - 5. What are the prime factors of u?
3, 13
Let g = -14 + 11. Let a(i) = i**3 + 4*i**2 + 3*i + 1. Let y be a(g). List the prime factors of y/4 - 91/(-4).
23
Suppose -291 = -14*n + 1151. What are the prime factors of n?
103
Suppose -2*a - 4*v + 3*v = 3, -2*a - 4*v = -12. Let o = 26 + a. Suppose 2*l = l + o. List the prime factors of l.
2, 11
Suppose -5*c - 24*x + 207 = -27*x, 4*x = 4*c - 172. List the prime factors of c.
3, 13
Suppose -219*q + 196*q + 29739 = 0. List the prime factors of q.
3, 431
What are the prime factors of (-241)/(-2) - (-19)/38?
11
Let a = 338 + -4. Suppose 32 = -g + a. What are the prime factors of g?
2, 151
Let g(x) = -x**3 + 5*x**2 - 3*x. Let a be g(4). Let y be (2 - 4) + 2*a. Let j(w) = 8*w - 15. List the prime factors of j(y).
3, 11
What are the prime factors of (-64)/112 + (-8936)/(-7)?
2, 11, 29
Let x = -1061 - 139. Suppose -6*k = -26*k + 520. List the prime factors of (-20)/130 - x/k.
2, 23
Suppose -7*z + 11*z = -5*g + 4096, 12 = 3*g. What are the prime factors of z?
1019
Let p(q) be the third derivative of -q**5/60 - 5*q**4/12 - q**3/6 + 3*q**2. What are the prime factors of p(-6)?
23
Let m = -7 + 11. Suppose k - 3*k = -m. Suppose -5*y = 3*g - 82, -4*y - 5*g = -k*g - 68. What are the prime factors of y?
2, 7
What are the prime factors of -9*(-65 + -2)*1?
3, 67
Suppose -5*m = 5*a - 1135, -2*m = 2*a + a - 679. Suppose -3*x = 3*i - a, 3*x = i + 4*i + 217. List the prime factors of x.
2, 37
Suppose 5*b = -2*g - 16, -2*g - 3*b = -b + 4. What are the prime factors of g*2*6/(-4)*-9?
2, 3
Let l = -315 + 473. Let w = 227 - l. What are the prime factors of w?
3, 23
Let x = -103 + 159. Suppose -293 = -f - x. List the prime factors of f.
3, 79
Let s be (-21)/3*(5 + -10). Let h be (-14)/s - 277/(-5). Let t = h - -14. List the prime factors of t.
3, 23
Let u = 1245 - 487. Let y = -512 + u. Suppose 5*j + 51 - y = 0. List the prime factors of j.
3, 13
Suppose 0 = -4*v - 4*g - 92, -5*v - 3*g - 118 = g. Suppose p = -p + 104. Let x = v + p. List the prime factors of x.
2, 13
Let y(c) = -c**2 - 13*c - 2. Let w be (-43)/4 + (-21)/(-28). Let k be y(w). List the prime factors of 884/k + 12/28.
2
What are the prime factors of 8/(-6)*2013/(-244)?
11
Let a be (1/1)/(8 + -7). Let l be (a + 0)/1 - -127. Suppose 4*h = 3*g + l, 27 = 3*h + 3*g - 48. What are the prime factors of h?
29
Suppose 5 = -2*x + 9. Suppose -i = x*i - 594. What are the prime factors of i?
2, 3, 11
List the prime factors of -5 + -7 + 2 + 3 + 2148.
2141
Let d(n) = 4*n - 11. Let t be d(-6). Let j = -26 - t. List the prime factors of j.
3
Let j(y) = -67*y + 47. What are the prime factors of j(-3)?
2, 31
Let w = 532 - -145. List the prime factors of w.
677
Let f = 5021 + -3516. List the prime factors of f.
5, 7, 43
Let y(l) = -2*l**2 + l. Let b be y(5). Let f = -28 - b. What are the prime factors of f?
17
Let z = 207 - -3. Suppose 2*d - o - 263 = z, 0 = -4*o + 4. What are the prime factors of d?
3, 79
What are the prime factors of 1539/(-54)*1842/(-9)?
19, 307
Let l = -55 - -265. Let a = l - 74. List the prime factors of a.
2, 17
Let r(g) be the third derivative of g**6/120 - g**5/12 - g**4/3 - 5*g**3/2 - 9*g**2. List the prime factors of r(8).
113
Let w be 2*(0 - -1)*5/(-2). What are the prime factors of (201/5)/(w/(-25))?
3, 67
Suppose -d + 56 = 2*d - 5*p, -2*d - 4*p = -8. Suppose 36 - d = g. List the prime factors of g.
2, 3
Let a(d) = d**3 + 26*d**2 - 5*d - 81. List the prime factors of a(-26).
7
Let d = 77 - 68. Suppose 497 + 394 = d*y. What are the prime factors of y?
3, 11
Suppose 0 = 5*d + z - 2368, 4*z - 1431 = -6*d + 3*d. List the prime factors of d.
11, 43
Let b be (1 - 3)/(3 + -5). Suppose -2*p - 2*k = 0, b - 4 = 2*p + 3*k. Suppose 7*l = p*l + 40. What are the prime factors of l?
2, 5
Let l = 0 + 0. Let d = 1149 - 1144. Suppose 3*a - 3*i - 72 = l, -4*a - d*i - 46 = -133. What are the prime factors of a?
23
Let g be 2 - 2 - (-2 - -1). Let o(m) = 7 + 5*m - 2*m**2 + 75*m**3 - 6*m + 6*m**2 - 6 - 3*m**2. What are the prime factors of o(g)?
2, 19
Let r(p) = -94 + 7*p**2 + 94 - 16*p. List the prime factors of r(6).
2, 3, 13
Let m = 807 + -185. Suppose 5*w - 2*d - m = 0, 0*d = 2*w - 5*d - 232. Suppose -w = -3*f - 3*f. What are the prime factors of f?
3, 7
Suppose -3*n + 2*t - 16 = -7*n, -3*t = -2*n + 16. Suppose 64 = -3*q + n*a, 2*q - a + 40 = a. Let g = q - -21. List the prime factors of g.
3
Let f be (-23 - -20)*(-13 + -1). Let v = f + -31. What are the prime factors of v?
11
Let z(y) = 1185*y - 190. What are the prime factors of z(3)?
5, 673
Let z = 64 - 36. What are the prime factors of ((-26)/7 - -4)/(2/z)?
2
Let g be (-5 - 1)*(-13 - -15). What are the prime factors of (284/g + -1)/((-6)/27)?
3, 37
Let i(o) be the first derivative of -o**2/2 + 20*o + 16. Let u(r) = r + 4. Let p be u(-4). List the prime factors of i(p).
2, 5
Let o(i) = -72*i + 104. List the prime factors of o(-5).
2, 29
Suppose 3*a - 8*a = -35. Suppose 2*c = -a*c + 558. List the prime factors of c.
2, 31
Let u(p) be the third derivative of p**4/8 - p**3/3 - 6*p**2. Let t be u(2). Let j = t + 2. List the prime factors of j.
2, 3
Suppose -22066 + 1339 = -9*b. List the prime factors of b.
7, 47
Suppose 20 = -4*p, 4*p - 14 + 44 = 5*f. What are the prime factors of 3/f*(292/12 + 3)?
41
Let k be -184*(-2)/6 + 68/102. Let s = -39 + k. What are the prime factors of s?
23
Suppose 0 = -5*v - 2*k + 66, -v + 8*k = 4*k. What are the prime factors of 6/((-16)/v*(-6)/164)?
3, 41
Let i be -92*26/(-16)*2. Let s = i + -72. List the prime factors of s.
227
Let g(t) = t**2 + 31*t + 157. Let n be g(-24). Let v(k) = 10 - 10*k - k**2 - 11*k + 8*k. List the prime factors of v(n).
2
Let s = 6 + 18. Suppose -132 = -4*f - 4*v, s = f - 5*v - 3. What are the prime factors of f?
2
Let r(j) = 6*j + 2. Let g be r(5). Suppose -14 = 2*q - 9*q. Suppose -85 = -q*f + 5*y, -f + g = 3*y - 2*y. List the prime factors of f.
5, 7
Suppose -42 = -5*t - 4*a, -3*t = 2*a + 6 - 30. Suppose -t*m + 9*m + 5*h = 311, -3*m + 313 = 4*h. What are the prime factors of m?
107
What are the prime factors of -1 - 41*(-56)/(-12)*-3?
3, 191
Let a = 22 - 16. Suppose -3*p = -36 - a. List the prime factors of 0 + 14 - p/(-7).
2
Let o = 1747 - -685. What are the prime factors of o?
2, 19
Let c = -8 - -12. Suppose 3*z + 96 - 606 = -c*m, -636 = -5*m - 3*z. Suppose -5*r = 2*w - m, -4*w = w + 3*r - 315. List the prime factors of w.
3, 7
Suppose -18 = -4*n + 18. Let a = n - 9. Suppose a = 2*z - 5*z + 36. List the prime factors of z.
2, 3
List the prime factors of -600*(4 - 3/((-42)/(-203))).
2, 3, 5, 7
Suppose -3*h + 0*h = -30. Suppose j + r = -4*r + h, j = -3*r. Let w = j + 24. What are the prime factors of w?
3
What are the prime factors of (-3)/((-54)/46714) - (-4)/(-18)?
3, 5, 173
Let a(j) = -j**2 + 10*j + 9. Let x(z) = z**3 - 5*z**2 + 4*z + 5. Let f be x(4). Suppose -f*n - 13 = -53. What are the prime factors of a(n)?
5
Let l = 2270 - 193. What are the prime factors of l?
31, 67
Suppose -5*x = 2*w - 8*x - 14, -2*x = -4. Let c = 23 - w. Suppose c = 4*k - d, -2*k - d + 1 = k. List the prime factors of k.
2
Suppose 690 = 2*s - 2*g, 3*g = -s + 56 + 277. Let b = s - 132. List the prime factors of b.
2, 3, 5, 7
Suppose -4*l + 4*s + 0*s = -24, 3*s + 14 = l. Suppose 3*z - 45 = l*k - 4*k, -k + 4*z = -50. What are the prime factors of k?
2, 3, 5
Let y = -50 - -58. Let n = y + 158. List the pri